e
Does 22 divide 17061?
False
Is 30 a factor of 2826?
False
Is 5 a factor of 8904?
False
Is 96 a factor of 603?
False
Is 133 a factor of 819?
False
Is 85 a factor of 12944?
False
Is 18 a factor of 5886?
True
Does 3 divide 3716?
False
Does 11 divide 330?
True
Is 56 a factor of 19544?
True
Is 24 a factor of 10056?
True
Is 23 a factor of 699?
False
Does 39 divide 390?
True
Is 199 a factor of 6645?
False
Is 60 a factor of 3198?
False
Does 138 divide 6587?
False
Is 10089 a multiple of 19?
True
Is 20 a factor of 42560?
True
Is 31257 a multiple of 269?
False
Does 10 divide 400?
True
Is 112 a factor of 8300?
False
Is 17617 a multiple of 23?
False
Is 90 a factor of 5045?
False
Is 12663 a multiple of 18?
False
Is 16892 a multiple of 164?
True
Is 221 a multiple of 5?
False
Does 48 divide 11259?
False
Is 58682 a multiple of 13?
True
Is 4 a factor of 11156?
True
Is 374 a multiple of 11?
True
Does 15 divide 3727?
False
Is 10 a factor of 15230?
True
Does 18 divide 5056?
False
Is 5 a factor of 6875?
True
Does 37 divide 1343?
False
Does 60 divide 5756?
False
Does 54 divide 2632?
False
Is 2 a factor of 270?
True
Is 360 a multiple of 12?
True
Does 62 divide 3323?
False
Is 53055 a multiple of 107?
False
Is 47 a factor of 650?
False
Does 9 divide 14829?
False
Does 9 divide 725?
False
Does 5 divide 301?
False
Does 8 divide 3623?
False
Is 4979 a multiple of 139?
False
Is 168 a multiple of 19?
False
Is 95 a factor of 10165?
True
Does 33 divide 7161?
True
Does 78 divide 1482?
True
Is 14 a factor of 16547?
False
Is 51 a factor of 790?
False
Is 7 a factor of 34405?
True
Is 2116 a multiple of 64?
False
Does 30 divide 5259?
False
Does 16 divide 6955?
False
Is 23 a factor of 59597?
False
Does 37 divide 5603?
False
Is 10 a factor of 1725?
False
Is 90 a factor of 27493?
False
Is 5625 a multiple of 125?
True
Is 5093 a multiple of 64?
False
Does 12 divide 216?
True
Is 82 a factor of 4404?
False
Is 11 a factor of 16742?
True
Does 27 divide 2719?
False
Is 2112 a multiple of 32?
True
Does 39 divide 702?
True
Is 14 a factor of 293?
False
Is 425 a multiple of 2?
False
Is 6072 a multiple of 6?
True
Does 12 divide 336?
True
Does 20 divide 545?
False
Does 171 divide 5123?
False
Is 7502 a multiple of 14?
False
Is 4299 a multiple of 25?
False
Is 15 a factor of 7065?
True
Is 24 a factor of 240?
True
Is 12033 a multiple of 21?
True
Does 19 divide 1187?
False
Is 39 a factor of 13065?
True
Is 1824 a multiple of 35?
False
Is 7 a factor of 5894?
True
Does 24 divide 562?
False
Is 11 a factor of 720?
False
Does 2 divide 360?
True
Is 108 a multiple of 19?
False
Is 29 a factor of 409?
False
Is 5644 a multiple of 74?
False
Does 43 divide 11223?
True
Is 54 a factor of 9936?
True
Is 99 a factor of 13761?
True
Does 99 divide 6808?
False
Does 50 divide 44754?
False
Is 30 a factor of 2646?
False
Is 2489 a multiple of 19?
True
Is 416 a multiple of 8?
True
Is 8417 a multiple of 45?
False
Is 157 a multiple of 4?
False
Is 4306 a multiple of 47?
False
Is 10 a factor of 1231?
False
Is 2411 a multiple of 38?
False
Is 1278 a multiple of 71?
True
Is 6117 a multiple of 33?
False
Is 40 a factor of 1360?
True
Does 3 divide 976?
False
Is 88 a factor of 1848?
True
Is 15 a factor of 53047?
False
Is 35216 a multiple of 8?
True
Is 24 a factor of 2140?
False
Does 188 divide 9985?
False
Is 8289 a multiple of 183?
False
Is 39 a factor of 40326?
True
Does 34 divide 714?
True
Does 11 divide 46?
False
Does 22 divide 726?
True
Is 5 a multiple of 3?
False
Is 2468 a multiple of 25?
False
Does 78 divide 530?
False
Does 17 divide 986?
True
Does 47 divide 6627?
True
Is 112 a factor of 224?
True
Does 10 divide 178?
False
Is 282 a multiple of 98?
False
Does 10 divide 450?
True
Is 48996 a multiple of 18?
True
Is 18 a factor of 4067?
False
Is 4225 a multiple of 25?
True
Is 49700 a multiple of 140?
True
Is 1050 a multiple of 75?
True
Is 1001 a multiple of 11?
True
Is 7 a factor of 72?
False
Does 12 divide 1234?
False
Is 246 a factor of 8757?
False
Is 9 a factor of 32058?
True
Is 41063 a multiple of 226?
False
Does 57 divide 10830?
True
Is 969 a multiple of 17?
True
Is 13 a factor of 91?
True
Is 5 a factor of 3445?
True
Is 8 a factor of 34076?
False
Is 5 a factor of 3030?
True
Is 3915 a multiple of 85?
False
Does 16 divide 336?
True
Does 15 divide 7905?
True
Does 64 divide 768?
True
Is 318 a multiple of 20?
False
Is 48 a factor of 2472?
False
Is 156 a factor of 13104?
True
Is 60 a factor of 54891?
False
Is 13 a factor of 74690?
False
Is 2 a factor of 22?
True
Does 22 divide 83248?
True
Is 46 a factor of 4968?
True
Does 24 divide 3083?
False
Does 151 divide 15430?
False
Is 4157 a multiple of 78?
False
Is 288 a multiple of 8?
True
Is 573 a multiple of 33?
False
Does 11 divide 7601?
True
Is 7 a factor of 831?
False
Is 14 a factor of 167?
False
Is 9 a factor of 99?
True
Is 14 a factor of 22651?
False
Does 156 divide 3588?
True
Is 19 a factor of 2299?
True
Is 504 a multiple of 8?
True
Is 5 a factor of 1780?
True
Does 51 divide 41463?
True
Is 900 a multiple of 150?
True
Is 2592 a multiple of 4?
True
Is 19 a factor of 1902?
False
Does 32 divide 5664?
True
Is 67 a factor of 1943?
True
Is 75072 a multiple of 92?
True
Is 10679 a multiple of 87?
False
Is 4511 a multiple of 17?
False
Is 2 a factor of 3405?
False
Is 42212 a multiple of 61?
True
Is 26 a factor of 18278?
True
Is 2084 a multiple of 12?
False
Does 7 divide 1854?
False
Is 6 a factor of 2613?
False
Is 14 a factor of 39956?
True
Is 24553 a multiple of 43?
True
Is 22 a factor of 3107?
False
Is 9 a factor of 36871?
False
Is 5 a factor of 1345?
True
Is 12040 a multiple of 35?
True
Does 4 divide 508?
True
Does 36 divide 2100?
False
Is 37 a factor of 1437?
False
Is 24 a factor of 552?
True
Is 24 a factor of 792?
True
Does 349 divide 21889?
False
Does 6 divide 758?
False
Is 6 a factor of 2862?
True
Is 618 a multiple of 4?
False
Does 34 divide 1345?
False
Is 123 a multiple of 6?
False
Is 6736 a multiple of 93?
False
Does 27 divide 4491?
False
Is 160 a multiple of 20?
True
Is 1387 a multiple of 5?
False
Is 408 a multiple of 20?
False
Is 29 a multiple of 29?
True
Is 873 a multiple of 4?
False
Is 1260 a multiple of 12?
True
Does 8 divide 214?
False
Is 7212 a multiple of 12?
True
Is 3840 a multiple of 98?
False
Is 20 a factor of 21680?
True
Is 9 a factor of 243?
True
Is 12 a factor of 1008?
True
Is 20 a factor of 4260?
True
Is 33 a factor of 181192?
False
Is 542 a multiple of 14?
False
Is 31 a factor of 20466?
False
Is 7425 a multiple of 34?
False
Is 645 a multiple of 14?
False
Does 28 divide 10024?
True
Is 44 a factor of 8253?
False
Does 70 divide 30870?
True
Is 2011 a multiple of 117?
False
Does 29 divide 2146?
True
Does 9 divide 7043?
False
Is 39 a factor of 3041?
False
Is 29 a factor of 3977?
False
Is 28 a factor of 15456?
True
Does 186 divide 6400?
False
Does 9 divide 2511?
True
Does 55 divide 935?
True
Does 67 divide 37788?
True
Does 25 divide 975?
True
Is 10764 a multiple of 9?
True
Is 15 a factor of 166?
False
Does 53 divide 9752?
True
Is 32 a factor of 4597?
False
Is 33 a factor of 3735?
False
Is 34 a factor of 857?
False
Does 7 divide 25?
False
Does 6 divide 126?
True
Is 27606 a multiple of 214?
True
Is 11 a factor of 748?
True
Is 19602 a multiple of 31?
False
Is 2175 a multiple of 29?
True
Does 22 divide 5940?
True
Is 61 a factor of 1758?
False
Is 4681 a multiple of 31?
True
Is 16 a factor of 672?
True
Does 90 divide 32850?
True
Does 141 divide 846?
True
Does 17 divide 731?
True
Is 609 a multiple of 57?
False
Is 1200 a multiple of 50?
True
Is 5527 a multiple of 50?
False
Is 79 a factor of 1738?
True
Does 69 divide 161298?
False
Is 36 a factor of 2443?
False
Is 714 a multiple of 17?
True
Does 19 divide 1007?
True
Is 477 a multiple of 53?
True
Does 120 divide 13080?
True
Does 4 divide 2291?
False
Is 8 a factor of 261?
False
Is 61 a factor of 366?
True
Does 10 divide 2220?
True
Is 9888 a multiple of 32?
True
Is 20 a factor of 29900?
True
Is 287 even?
False
Is 11494 a multiple of 2?
True
Does 10 divide 6840?
True
Is 1675 a multiple of 25?
True
Is 1218 a multiple of 42?
True
Is 21 a factor of 26772?
False
Is 31 a factor of 713?
True
Does 143 divide 55913?
True
Does 36 divide 576?
True
Is 1806 a multiple of 30?
False
Is 66415 a multiple of 25?
False
Does 2 divide 6027?
False
Is 46 a factor 